e -3*f = 3, -2*q - 3*f = -0*f - 147. Suppose 4*s = 2*s + 6. Suppose 0 = -o + 33 - s. Calculate the greatest common divisor of o and q.
15
Let q(s) = -1 + 0 + 5*s + 2. Let c be q(-4). Let f = 23 - c. What is the greatest common divisor of f and 14?
14
Suppose 2*j = -j + t + 78, 0 = -4*j + t + 103. Calculate the greatest common factor of 200 and j.
25
Suppose -4*f + 68 = -4*b, 0*b = 4*f + 3*b - 61. What is the highest common divisor of f and 176?
16
Let h be (-4)/(-14) + (-936)/(-56). Calculate the highest common factor of 17 and h.
17
Let k(u) = -u**2 - 21*u - 17. Let q be k(-20). Calculate the highest common factor of 24 and q.
3
Suppose 336 + 834 = 5*t. Calculate the highest common divisor of t and 26.
26
Let g(y) = 3*y - 22. Let h be g(9). Calculate the greatest common divisor of h and 5.
5
Let l(k) = -k**2 + 10*k - 4. Let m be (-37)/(-5) - 4/10. Let h be l(m). Calculate the highest common divisor of h and 136.
17
Suppose -2*h + 25 = -7*h, 3*b + 3*h - 153 = 0. Let j be -1 + -1 + 60 + -2. Let y be 6/(-4)*j/(-6). Calculate the highest common factor of y and b.
14
Let l = -9 + 14. Let b be (1 + 3/(-2))*0. Let y = b + 1. Calculate the highest common divisor of l and y.
1
Let m = -11 + 21. Suppose 141 + 153 = 3*p. Suppose k - p = -8. What is the greatest common divisor of k and m?
10
Suppose 0 = 3*i + 3*h, -2*i - 2*h = 2*i + 6. Let o be (-1)/(-3) + (-98)/i. Suppose 22 + o = 5*j. What is the greatest common factor of 44 and j?
11
Suppose -9*p + 113 + 31 = 0. What is the greatest common divisor of 64 and p?
16
Let p = -63 + 108. What is the highest common factor of 15 and p?
15
Let f = -19 + 11. Let b = f + 14. Suppose 2*g - 1 - b = x, -5*x - 17 = -4*g. Calculate the highest common factor of 2 and g.
1
Let b be (7 + -4)/(6/(-4)). Let y = b - -7. Suppose 243 = 5*r - 3*x, -x + 6*x - 275 = -y*r. Calculate the highest common factor of 17 and r.
17
Let l(c) = -c + 2. Let t be l(-5). Let m(o) = -o**3 + 8*o**2 + 11*o - 5. Let q be m(t). What is the highest common divisor of 11 and q?
11
Let r = 21 + -8. What is the highest common divisor of 13 and r?
13
Let b be 11 + -10 + -196 + -1. Let s be (1*4)/((-7)/b). Let c(m) = -m**2 - 7*m + 4. Let a be c(-5). What is the highest common divisor of s and a?
14
Let i = 4 + -2. Let d be 1*i + 0/(-1). Suppose -d*l = -3*o - l + 10, 0 = -4*o - 3*l + 9. Calculate the highest common factor of o and 30.
3
Let t(p) = p**3 - 8*p**2 + 10*p + 1. Let h be t(7). Suppose 0 = -3*c + 4*x + 17 + 24, 5*c - 63 = 4*x. What is the greatest common divisor of c and h?
11
Let n be 0 - (-1 + (1 - -1)). Let x be n/(-2)*2*2. Suppose 0 = -5*r + 146 - 56. Calculate the highest common factor of x and r.
2
Suppose 4*v = 38 + 2. Suppose -9*g - 52 = -v*g. Calculate the greatest common divisor of g and 78.
26
Let b be 14/2 + -1*1. Calculate the greatest common divisor of b and 6.
6
Suppose 0 = 2*s + 2*w - 280, 166 = -4*s + 2*w + 720. Let m = 234 - s. What is the greatest common factor of 38 and m?
19
Let v be 8 + -6 - (-4)/1. What is the greatest common divisor of 66 and v?
6
Let b be -3 + 1 - -3 - (-1 + -150). Calculate the highest common factor of 19 and b.
19
Let t = 57 + -17. Calculate the highest common factor of 20 and t.
20
Let v(l) = 13*l - 1. Let g be v(5). Let t(r) = r**3 + 6*r**2 - r - 1. Let i be t(-6). Let c = 3 + i. Calculate the greatest common factor of g and c.
8
Suppose p = 2*p. Suppose 3*n + p*v = -4*v + 19, 26 = 5*n + v. Calculate the highest common divisor of n and 45.
5
Suppose -k + 9 = -4*k, -102 = -3*d - 5*k. Suppose -d + 9 = -5*v. What is the greatest common divisor of 42 and v?
6
Let m be 8*(-3 + (-14)/(-2)). Let q = -21 + m. Calculate the greatest common divisor of 77 and q.
11
Suppose 7*z - 2*z - 100 = -5*l, 0 = -4*z + 2*l + 110. Let k be (20/z)/((-2)/(-5)). Calculate the highest common factor of k and 10.
2
Suppose -4*l - 5*s = -465, -l + 3*s + 0*s + 95 = 0. What is the highest common factor of 10 and l?
10
Let m(w) = w + 29. Let c be m(-5). Calculate the greatest common factor of c and 216.
24
Let x = 32 - 19. Let v be 35 + (1 - 2) + -8. What is the greatest common divisor of x and v?
13
Let y(c) = -c**3 + 4*c**2 - 3*c + 2. Let w be y(3). What is the highest common factor of 3 and w?
1
Let v = 135 - -73. Calculate the greatest common factor of 26 and v.
26
Let x(o) = o**3 - 2*o**2 - o + 1. Let n be x(1). Let g = 10 + n. Calculate the highest common divisor of 9 and g.
9
Let q(x) = 2*x + 0 + 11*x**2 + 3 - 6*x. Let w be q(3). What is the greatest common factor of 36 and w?
18
Let p(q) = q**2 + 4*q - 3. Let k be p(-4). Let t(n) = -2*n**3 - 3*n**2 + n. Let j be t(k). What is the greatest common factor of j and 60?
12
Suppose 5*b = 27 - 7. Suppose n + b*l + 5 - 28 = 0, 0 = 4*n - 3*l - 168. Let f be 1*52*(-3)/(-6). What is the greatest common factor of n and f?
13
Suppose 2*f = -0*f + 66. Suppose -5*t - 56 = -3*s, -s - 2*t + 24 = -2. What is the greatest common factor of s and f?
11
Let f(i) = i**3 - i. Suppose 0 = m - 4. Let q(d) = -6*d**3 + 4*d - 2. Let j(b) = m*f(b) + q(b). Let y be j(-4). Calculate the highest common factor of y and 14.
14
Suppose -3*o + 8*o - 20 = 0. Let u = o - 3. What is the greatest common factor of 8 and u?
1
Suppose 5*w - 78 = -f - 0*w, -5*f - 5*w + 430 = 0. What is the highest common divisor of 11 and f?
11
Suppose 0 = -0*h + 18*h - 396. What is the highest common divisor of 22 and h?
22
Suppose 3*n + 44 = 7*n - 3*f, -4*f = -n + 11. Let a = 53 + -31. What is the highest common divisor of n and a?
11
Let c be ((-8)/6)/((-6)/9). Let k be (-96)/(-20)*55/c. Calculate the highest common divisor of k and 12.
12
Suppose -5*t + 240 = -3*c, -t - 5*c + 2*c + 30 = 0. What is the greatest common divisor of 30 and t?
15
Let g = 689 - 423. Calculate the greatest common factor of 14 and g.
14
Let w be 4/24 - (-177)/18. Calculate the greatest common factor of 25 and w.
5
Suppose 2*m + 20 = 7*m. Let v = 10 + m. Calculate the greatest common factor of v and 2.
2
Suppose -5*q = -15, 272 = 5*a + 2*q - 3*q. What is the highest common factor of a and 22?
11
Let g = -54 + 76. Let x(k) = 19*k**2 - 4*k - 7. Let t be x(-3). Calculate the greatest common factor of t and g.
22
Let m(k) = k**2 + 6*k - 10. Let v be m(-8). Let s(j) = j**3 + 9*j**2 - 10*j + 6. Let o be s(-10). What is the greatest common divisor of v and o?
6
Suppose 2 - 5 = -g. Let l be g/(-9)*11*-3. Calculate the highest common divisor of l and 11.
11
Let h = -25 + 46. Suppose 2*u = u + 4*s + 1, 4*s = -4*u + 104. What is the highest common factor of h and u?
21
Let r be (-13)/(-4) - 5/20. Let t be (25 + r)*(1 + 2). Let u = 19 - 7. Calculate the highest common factor of t and u.
12
Let x = 118 - 112. What is the greatest common factor of 66 and x?
6
Let g(k) = -k**2 + 3*k + 4. Let c be g(3). Suppose s + 119 = 3*f - 452, -2*s + 768 = c*f. Suppose 4*h = f + 81. What is the greatest common divisor of h and 17?
17
Suppose 0 = -2*j - s + 61 + 70, 5*j - 4*s - 347 = 0. Let q be (0 + 0 - 0) + j. Let n = q + -40. What is the greatest common divisor of n and 18?
9
Suppose 2*t + 10 = t. Let o be (12/t)/((-3)/250). Calculate the greatest common factor of o and 20.
20
Suppose 5*h - 4 - 1 = 0. Suppose h + 0 = a. Let p be 7 + -4 + -2 + a. What is the greatest common divisor of p and 10?
2
Let s = 0 - -54. Suppose -5*i = -23 - 52. Suppose 0 = -y - 3*o + i, 4*y - 2*o = -0*o + 18. What is the highest common divisor of y and s?
6
Let c(l) = 22*l - 2. Let g(b) = b**2 + 8*b + 2. Let z be g(-8). Let h be c(z). Calculate the greatest common divisor of h and 6.
6
Let a(s) = -s**2 + s + 16. Let d be a(0). Let t be (-1 - 0/3) + 45. Let h be 12/(-9)*t*-3. Calculate the highest common divisor of d and h.
16
Let j(v) = 4 + 2 - 2*v - 2. Let p be j(-4). Suppose -5 = -2*w + 3. What is the highest common factor of w and p?
4
Suppose 3*q - 122 = p, -q + 26 = -0*p - 4*p. Calculate the greatest common divisor of 42 and q.
42
Suppose -6*u - 3*u + 252 = 0. What is the greatest common factor of 196 and u?
28
Let t(o) = o**3 - o + 49. Let v be t(0). Suppose 8 = -2*q + 22. What is the greatest common factor of v and q?
7
Let n be (7 + -1)*14/4. Let w be 5/(-15)*-1*n. Calculate the greatest common divisor of 1 and w.
1
Suppose 26*o - 29*o + 858 = 0. What is the greatest common factor of 26 and o?
2